{"id":12,"date":"2022-07-27T13:12:43","date_gmt":"2022-07-27T11:12:43","guid":{"rendered":"https:\/\/daphnedejay.com\/art\/?page_id=12"},"modified":"2024-10-04T09:51:28","modified_gmt":"2024-10-04T07:51:28","slug":"accueil","status":"publish","type":"page","link":"https:\/\/daphnedejay.com\/art\/","title":{"rendered":"Accueil"},"content":{"rendered":"\n<style type=\"text\/css\" data-created_by=\"avia_inline_auto\" id=\"style-css-av-2u5pk-808cbc78f490110d130fe07703e388cc\">\n.avia-video.av-2u5pk-808cbc78f490110d130fe07703e388cc{\nbackground-image:url(https:\/\/daphnedejay.com\/art\/wp-content\/uploads\/2022\/07\/poster-atelier-1024x576-1-300x169.png);\n}\n<\/style>\n<div  class='avia-video av-2u5pk-808cbc78f490110d130fe07703e388cc avia-video-16-9 av-preview-image avia-video-load-always avia-video-html5'  itemprop=\"video\" itemtype=\"https:\/\/schema.org\/VideoObject\"  data-original_url='https:\/\/daphnedejay.com\/art\/wp-content\/uploads\/2024\/10\/Atelier-2024-10.mp4'><video class='avia_video' poster=\"https:\/\/daphnedejay.com\/art\/wp-content\/uploads\/2022\/07\/poster-atelier-1024x576-1-300x169.png\"   preload=\"auto\"  controls id='player_12_159777722_1795538764'><source src='https:\/\/daphnedejay.com\/art\/wp-content\/uploads\/2024\/10\/Atelier-2024-10.mp4' type='video\/mp4' \/><\/video><\/div>\n<div  class='flex_column av-11czs-d8f54ac0da041f325cf7897257c610fc av_one_half  avia-builder-el-1  el_after_av_video  el_before_av_one_half  first flex_column_div  '     ><section  class='av_textblock_section av-l63ig30m-1c3bd60c225bf3b3dd1a7adc4b92db24 '   itemscope=\"itemscope\" itemtype=\"https:\/\/schema.org\/CreativeWork\" ><div class='avia_textblock'  itemprop=\"text\" ><p class=\"p1\"><img loading=\"lazy\" decoding=\"async\" class=\"wp-image-25 alignleft\" src=\"https:\/\/daphnedejay.com\/art\/wp-content\/uploads\/2022\/07\/daphne-300x258.jpg\" alt=\"\" width=\"115\" height=\"99\" srcset=\"https:\/\/daphnedejay.com\/art\/wp-content\/uploads\/2022\/07\/daphne-300x258.jpg 300w, https:\/\/daphnedejay.com\/art\/wp-content\/uploads\/2022\/07\/daphne.jpg 657w\" sizes=\"auto, (max-width: 115px) 100vw, 115px\" \/>Daphn\u00e9 Dejay inscrit son \u0153uvre dans le foisonnement. Dans ses ateliers, l\u2019inspiration de cette artiste aux multiples facettes la conduit de la peinture \u00e0 la photographie, en passant par la sculpture, l\u2019illustration et l\u2019installation.<\/p>\n<p class=\"p1\">Depuis la nuit des temps, les animaux habitent la Terre avec l\u2019homme, chacun luttant pour sa survie. L\u2019homme a b\u00e2ti des mythes autour de l\u2019animal, construit des symboles, la puissance, la ruse, la f\u00e9condit\u00e9\u2026pour apprivoiser le myst\u00e8re de la vie qui se loge au c\u0153ur de tous les \u00eatres.<\/p>\n<p class=\"p1\">C\u2019est ce regard passant entre l\u2019homme et l\u2019animal qu\u2019elle interroge en cr\u00e9ant une sc\u00e9nographie personnelle : un costume d\u2019apparat, fait de couleurs et d\u00e9tails, habille son bestiaire qui convoque des cultures diverses mais aussi la fantaisie et l\u2019anachronisme, la po\u00e9sie et le r\u00eave.<\/p>\n<p class=\"p1\">Ces animaux, nouveaux saltimbanques, revisitent le myst\u00e8re de la cr\u00e9ation dans un immense sourire.<\/p>\n<p class=\"p1\">Ce face \u00e0 face propos\u00e9 appelle \u00e0 une r\u00e9flexion sur la place de chacun au sein du cosmos partag\u00e9.<\/p>\n<p class=\"p2\"><i>Muriel ALLE<\/i><\/p>\n<\/div><\/section><\/div>\n<div  class='flex_column av-4jyeg-df461cf3b8e94e19a85c4fceca58f880 av_one_half  avia-builder-el-3  el_after_av_one_half  avia-builder-el-last  flex_column_div  '     ><div  class='avia-slideshow av-m1uf9xjq-8c32810ea4605fa21e234b081a5e6243 avia-slideshow-2048x2048 av_slideshow avia-fade-slider  avia-builder-el-4  avia-builder-el-no-sibling  av-slideshow-ui av-control-minimal av-no-slider-navigation av-slideshow-autoplay av-loop-endless av-loop-manual-endless av-default-height-applied avia-slideshow-1' data-slideshow-options=\"{&quot;animation&quot;:&quot;fade&quot;,&quot;autoplay&quot;:true,&quot;loop_autoplay&quot;:&quot;endless&quot;,&quot;interval&quot;:3,&quot;loop_manual&quot;:&quot;manual-endless&quot;,&quot;autoplay_stopper&quot;:false,&quot;noNavigation&quot;:false,&quot;bg_slider&quot;:false,&quot;transitionSpeed&quot;:1000,&quot;keep_padding&quot;:false,&quot;hoverpause&quot;:false,&quot;show_slide_delay&quot;:0}\"  itemprop=\"image\" itemscope=\"itemscope\" itemtype=\"https:\/\/schema.org\/ImageObject\" ><ul class='avia-slideshow-inner ' style='padding-bottom: 100%;'><li  class='avia-slideshow-slide av-m1uf9xjq-8c32810ea4605fa21e234b081a5e6243__0  slide-1 slide-odd'><div data-rel='slideshow-1' class='avia-slide-wrap '  title='Technique mixte sur r\u00e9sine - Vernis - Pi\u00e8ce unique - 38x20x17cm' ><img decoding=\"async\" fetchpriority=\"high\" class=\"wp-image-2741 avia-img-lazy-loading-not-2741\"  src=\"https:\/\/daphnedejay.com\/art\/wp-content\/uploads\/2022\/10\/033-jean-fabienne-verdier-3.jpg\" width=\"1200\" height=\"1200\" title='Jean Fabienne (inspir\u00e9 de Verdier)' alt='Jean Fabienne (inspir\u00e9 de Verdier) - Technique mixte - Vernis - pi\u00e8ce unique - 38 x 20 x 17 cm'  itemprop=\"thumbnailUrl\" srcset=\"https:\/\/daphnedejay.com\/art\/wp-content\/uploads\/2022\/10\/033-jean-fabienne-verdier-3.jpg 1200w, https:\/\/daphnedejay.com\/art\/wp-content\/uploads\/2022\/10\/033-jean-fabienne-verdier-3-300x300.jpg 300w, https:\/\/daphnedejay.com\/art\/wp-content\/uploads\/2022\/10\/033-jean-fabienne-verdier-3-1030x1030.jpg 1030w, https:\/\/daphnedejay.com\/art\/wp-content\/uploads\/2022\/10\/033-jean-fabienne-verdier-3-80x80.jpg 80w, https:\/\/daphnedejay.com\/art\/wp-content\/uploads\/2022\/10\/033-jean-fabienne-verdier-3-768x768.jpg 768w, https:\/\/daphnedejay.com\/art\/wp-content\/uploads\/2022\/10\/033-jean-fabienne-verdier-3-36x36.jpg 36w, https:\/\/daphnedejay.com\/art\/wp-content\/uploads\/2022\/10\/033-jean-fabienne-verdier-3-180x180.jpg 180w, https:\/\/daphnedejay.com\/art\/wp-content\/uploads\/2022\/10\/033-jean-fabienne-verdier-3-705x705.jpg 705w\" sizes=\"(max-width: 1200px) 100vw, 1200px\" \/><\/div><\/li><li  class='avia-slideshow-slide av-m1uf9xjq-8c32810ea4605fa21e234b081a5e6243__1  slide-2 slide-even'><div data-rel='slideshow-1' class='avia-slide-wrap '   ><img decoding=\"async\" fetchpriority=\"high\" class=\"wp-image-4133 avia-img-lazy-loading-not-4133\"  src=\"https:\/\/daphnedejay.com\/art\/wp-content\/uploads\/2023\/05\/008-image-slider-3.jpg\" width=\"1200\" height=\"1200\" title='Daphn\u00e9 Dejay rue de Paris Charenton juin 2022' alt='habillage potelet rue semi pi\u00e9tonne Charenton'  itemprop=\"thumbnailUrl\" srcset=\"https:\/\/daphnedejay.com\/art\/wp-content\/uploads\/2023\/05\/008-image-slider-3.jpg 1200w, https:\/\/daphnedejay.com\/art\/wp-content\/uploads\/2023\/05\/008-image-slider-3-300x300.jpg 300w, https:\/\/daphnedejay.com\/art\/wp-content\/uploads\/2023\/05\/008-image-slider-3-1030x1030.jpg 1030w, https:\/\/daphnedejay.com\/art\/wp-content\/uploads\/2023\/05\/008-image-slider-3-80x80.jpg 80w, https:\/\/daphnedejay.com\/art\/wp-content\/uploads\/2023\/05\/008-image-slider-3-768x768.jpg 768w, https:\/\/daphnedejay.com\/art\/wp-content\/uploads\/2023\/05\/008-image-slider-3-36x36.jpg 36w, https:\/\/daphnedejay.com\/art\/wp-content\/uploads\/2023\/05\/008-image-slider-3-180x180.jpg 180w, https:\/\/daphnedejay.com\/art\/wp-content\/uploads\/2023\/05\/008-image-slider-3-705x705.jpg 705w, https:\/\/daphnedejay.com\/art\/wp-content\/uploads\/2023\/05\/008-image-slider-3-120x120.jpg 120w, https:\/\/daphnedejay.com\/art\/wp-content\/uploads\/2023\/05\/008-image-slider-3-450x450.jpg 450w, https:\/\/daphnedejay.com\/art\/wp-content\/uploads\/2023\/05\/008-image-slider-3-600x600.jpg 600w, https:\/\/daphnedejay.com\/art\/wp-content\/uploads\/2023\/05\/008-image-slider-3-100x100.jpg 100w\" sizes=\"(max-width: 1200px) 100vw, 1200px\" \/><\/div><\/li><li  class='avia-slideshow-slide av-m1uf9xjq-8c32810ea4605fa21e234b081a5e6243__2  slide-3 slide-odd'><div data-rel='slideshow-1' class='avia-slide-wrap '   ><img decoding=\"async\" fetchpriority=\"high\" class=\"wp-image-3747 avia-img-lazy-loading-not-3747\"  src=\"https:\/\/daphnedejay.com\/art\/wp-content\/uploads\/2023\/02\/novotel-copie.jpg\" width=\"768\" height=\"768\" title='Piano &quot;Soyez curieux&quot;' alt=''  itemprop=\"thumbnailUrl\" srcset=\"https:\/\/daphnedejay.com\/art\/wp-content\/uploads\/2023\/02\/novotel-copie.jpg 768w, https:\/\/daphnedejay.com\/art\/wp-content\/uploads\/2023\/02\/novotel-copie-300x300.jpg 300w, https:\/\/daphnedejay.com\/art\/wp-content\/uploads\/2023\/02\/novotel-copie-80x80.jpg 80w, https:\/\/daphnedejay.com\/art\/wp-content\/uploads\/2023\/02\/novotel-copie-36x36.jpg 36w, https:\/\/daphnedejay.com\/art\/wp-content\/uploads\/2023\/02\/novotel-copie-180x180.jpg 180w, https:\/\/daphnedejay.com\/art\/wp-content\/uploads\/2023\/02\/novotel-copie-705x705.jpg 705w, https:\/\/daphnedejay.com\/art\/wp-content\/uploads\/2023\/02\/novotel-copie-120x120.jpg 120w, https:\/\/daphnedejay.com\/art\/wp-content\/uploads\/2023\/02\/novotel-copie-450x450.jpg 450w, https:\/\/daphnedejay.com\/art\/wp-content\/uploads\/2023\/02\/novotel-copie-600x600.jpg 600w, https:\/\/daphnedejay.com\/art\/wp-content\/uploads\/2023\/02\/novotel-copie-100x100.jpg 100w\" sizes=\"(max-width: 768px) 100vw, 768px\" \/><\/div><\/li><li  class='avia-slideshow-slide av-m1uf9xjq-8c32810ea4605fa21e234b081a5e6243__3  slide-4 slide-even'><div data-rel='slideshow-1' class='avia-slide-wrap '   ><img decoding=\"async\" fetchpriority=\"high\" class=\"wp-image-4902 avia-img-lazy-loading-not-4902\"  src=\"https:\/\/daphnedejay.com\/art\/wp-content\/uploads\/2024\/10\/stella-2024.jpg\" width=\"1200\" height=\"1200\" title='Atelier Stella' alt=''  itemprop=\"thumbnailUrl\" srcset=\"https:\/\/daphnedejay.com\/art\/wp-content\/uploads\/2024\/10\/stella-2024.jpg 1200w, https:\/\/daphnedejay.com\/art\/wp-content\/uploads\/2024\/10\/stella-2024-300x300.jpg 300w, https:\/\/daphnedejay.com\/art\/wp-content\/uploads\/2024\/10\/stella-2024-1030x1030.jpg 1030w, https:\/\/daphnedejay.com\/art\/wp-content\/uploads\/2024\/10\/stella-2024-80x80.jpg 80w, https:\/\/daphnedejay.com\/art\/wp-content\/uploads\/2024\/10\/stella-2024-768x768.jpg 768w, https:\/\/daphnedejay.com\/art\/wp-content\/uploads\/2024\/10\/stella-2024-36x36.jpg 36w, https:\/\/daphnedejay.com\/art\/wp-content\/uploads\/2024\/10\/stella-2024-180x180.jpg 180w, https:\/\/daphnedejay.com\/art\/wp-content\/uploads\/2024\/10\/stella-2024-705x705.jpg 705w, https:\/\/daphnedejay.com\/art\/wp-content\/uploads\/2024\/10\/stella-2024-120x120.jpg 120w, https:\/\/daphnedejay.com\/art\/wp-content\/uploads\/2024\/10\/stella-2024-450x450.jpg 450w, https:\/\/daphnedejay.com\/art\/wp-content\/uploads\/2024\/10\/stella-2024-600x600.jpg 600w, https:\/\/daphnedejay.com\/art\/wp-content\/uploads\/2024\/10\/stella-2024-100x100.jpg 100w\" sizes=\"(max-width: 1200px) 100vw, 1200px\" \/><\/div><\/li><\/ul><div class='avia-slideshow-arrows avia-slideshow-controls' ><a href='#prev' class='prev-slide ' aria-hidden='true' data-av_icon='\ue87c' data-av_iconfont='entypo-fontello'  tabindex='-1'>Pr\u00e9c\u00e9dent<\/a><a href='#next' class='next-slide ' aria-hidden='true' data-av_icon='\ue87d' data-av_iconfont='entypo-fontello'  tabindex='-1'>Suivant<\/a><\/div><\/div><\/div>\n","protected":false},"excerpt":{"rendered":"","protected":false},"author":2,"featured_media":0,"parent":0,"menu_order":0,"comment_status":"closed","ping_status":"closed","template":"","meta":{"om_disable_all_campaigns":false,"_monsterinsights_skip_tracking":false,"_monsterinsights_sitenote_active":false,"_monsterinsights_sitenote_note":"","_monsterinsights_sitenote_category":0,"footnotes":""},"class_list":["post-12","page","type-page","status-publish","hentry"],"yoast_head":"<!-- This site is optimized with the Yoast SEO plugin v22.9 - https:\/\/yoast.com\/wordpress\/plugins\/seo\/ -->\n<title>Accueil - Daphn\u00e9 Dejay<\/title>\n<meta name=\"description\" content=\"Daphn\u00e9 Dejay l&#039;inspiration de cette artiste aux multiples facettes la conduit de la peinture \u00e0 la photographie, en passant par la sculpture, l\u2019illustration et l\u2019installation.\" \/>\n<meta name=\"robots\" content=\"index, follow, max-snippet:-1, max-image-preview:large, max-video-preview:-1\" \/>\n<link rel=\"canonical\" href=\"https:\/\/daphnedejay.com\/art\/\" \/>\n<meta property=\"og:locale\" content=\"fr_FR\" \/>\n<meta property=\"og:type\" content=\"article\" \/>\n<meta property=\"og:title\" content=\"Accueil - Daphn\u00e9 Dejay\" \/>\n<meta property=\"og:description\" content=\"Daphn\u00e9 Dejay l&#039;inspiration de cette artiste aux multiples facettes la conduit de la peinture \u00e0 la photographie, en passant par la sculpture, l\u2019illustration et l\u2019installation.\" \/>\n<meta property=\"og:url\" content=\"https:\/\/daphnedejay.com\/art\/\" \/>\n<meta property=\"og:site_name\" content=\"Daphn\u00e9 Dejay\" \/>\n<meta property=\"article:modified_time\" content=\"2024-10-04T07:51:28+00:00\" \/>\n<meta property=\"og:image\" content=\"https:\/\/daphnedejay.com\/art\/wp-content\/uploads\/2022\/07\/daphne-300x258.jpg\" \/>\n<meta name=\"twitter:card\" content=\"summary_large_image\" \/>\n<meta name=\"twitter:label1\" content=\"Dur\u00e9e de lecture estim\u00e9e\" \/>\n\t<meta name=\"twitter:data1\" content=\"2 minutes\" \/>\n<script type=\"application\/ld+json\" class=\"yoast-schema-graph\">{\"@context\":\"https:\/\/schema.org\",\"@graph\":[{\"@type\":\"WebPage\",\"@id\":\"https:\/\/daphnedejay.com\/art\/\",\"url\":\"https:\/\/daphnedejay.com\/art\/\",\"name\":\"Accueil - Daphn\u00e9 Dejay\",\"isPartOf\":{\"@id\":\"https:\/\/daphnedejay.com\/art\/#website\"},\"primaryImageOfPage\":{\"@id\":\"https:\/\/daphnedejay.com\/art\/#primaryimage\"},\"image\":{\"@id\":\"https:\/\/daphnedejay.com\/art\/#primaryimage\"},\"thumbnailUrl\":\"https:\/\/daphnedejay.com\/art\/wp-content\/uploads\/2022\/07\/daphne-300x258.jpg\",\"datePublished\":\"2022-07-27T11:12:43+00:00\",\"dateModified\":\"2024-10-04T07:51:28+00:00\",\"description\":\"Daphn\u00e9 Dejay l'inspiration de cette artiste aux multiples facettes la conduit de la peinture \u00e0 la photographie, en passant par la sculpture, l\u2019illustration et l\u2019installation.\",\"breadcrumb\":{\"@id\":\"https:\/\/daphnedejay.com\/art\/#breadcrumb\"},\"inLanguage\":\"fr-FR\",\"potentialAction\":[{\"@type\":\"ReadAction\",\"target\":[\"https:\/\/daphnedejay.com\/art\/\"]}]},{\"@type\":\"ImageObject\",\"inLanguage\":\"fr-FR\",\"@id\":\"https:\/\/daphnedejay.com\/art\/#primaryimage\",\"url\":\"https:\/\/daphnedejay.com\/art\/wp-content\/uploads\/2022\/07\/daphne.jpg\",\"contentUrl\":\"https:\/\/daphnedejay.com\/art\/wp-content\/uploads\/2022\/07\/daphne.jpg\",\"width\":657,\"height\":564},{\"@type\":\"BreadcrumbList\",\"@id\":\"https:\/\/daphnedejay.com\/art\/#breadcrumb\",\"itemListElement\":[{\"@type\":\"ListItem\",\"position\":1,\"name\":\"Accueil\",\"item\":\"https:\/\/daphnedejay.com\/art\/\"},{\"@type\":\"ListItem\",\"position\":2,\"name\":\"Accueil\"}]},{\"@type\":\"WebSite\",\"@id\":\"https:\/\/daphnedejay.com\/art\/#website\",\"url\":\"https:\/\/daphnedejay.com\/art\/\",\"name\":\"Daphn\u00e9 Dejay\",\"description\":\"-\",\"potentialAction\":[{\"@type\":\"SearchAction\",\"target\":{\"@type\":\"EntryPoint\",\"urlTemplate\":\"https:\/\/daphnedejay.com\/art\/?s={search_term_string}\"},\"query-input\":\"required name=search_term_string\"}],\"inLanguage\":\"fr-FR\"}]}<\/script>\n<!-- \/ Yoast SEO plugin. -->","yoast_head_json":{"title":"Accueil - Daphn\u00e9 Dejay","description":"Daphn\u00e9 Dejay l'inspiration de cette artiste aux multiples facettes la conduit de la peinture \u00e0 la photographie, en passant par la sculpture, l\u2019illustration et l\u2019installation.","robots":{"index":"index","follow":"follow","max-snippet":"max-snippet:-1","max-image-preview":"max-image-preview:large","max-video-preview":"max-video-preview:-1"},"canonical":"https:\/\/daphnedejay.com\/art\/","og_locale":"fr_FR","og_type":"article","og_title":"Accueil - Daphn\u00e9 Dejay","og_description":"Daphn\u00e9 Dejay l'inspiration de cette artiste aux multiples facettes la conduit de la peinture \u00e0 la photographie, en passant par la sculpture, l\u2019illustration et l\u2019installation.","og_url":"https:\/\/daphnedejay.com\/art\/","og_site_name":"Daphn\u00e9 Dejay","article_modified_time":"2024-10-04T07:51:28+00:00","og_image":[{"url":"https:\/\/daphnedejay.com\/art\/wp-content\/uploads\/2022\/07\/daphne-300x258.jpg"}],"twitter_card":"summary_large_image","twitter_misc":{"Dur\u00e9e de lecture estim\u00e9e":"2 minutes"},"schema":{"@context":"https:\/\/schema.org","@graph":[{"@type":"WebPage","@id":"https:\/\/daphnedejay.com\/art\/","url":"https:\/\/daphnedejay.com\/art\/","name":"Accueil - Daphn\u00e9 Dejay","isPartOf":{"@id":"https:\/\/daphnedejay.com\/art\/#website"},"primaryImageOfPage":{"@id":"https:\/\/daphnedejay.com\/art\/#primaryimage"},"image":{"@id":"https:\/\/daphnedejay.com\/art\/#primaryimage"},"thumbnailUrl":"https:\/\/daphnedejay.com\/art\/wp-content\/uploads\/2022\/07\/daphne-300x258.jpg","datePublished":"2022-07-27T11:12:43+00:00","dateModified":"2024-10-04T07:51:28+00:00","description":"Daphn\u00e9 Dejay l'inspiration de cette artiste aux multiples facettes la conduit de la peinture \u00e0 la photographie, en passant par la sculpture, l\u2019illustration et l\u2019installation.","breadcrumb":{"@id":"https:\/\/daphnedejay.com\/art\/#breadcrumb"},"inLanguage":"fr-FR","potentialAction":[{"@type":"ReadAction","target":["https:\/\/daphnedejay.com\/art\/"]}]},{"@type":"ImageObject","inLanguage":"fr-FR","@id":"https:\/\/daphnedejay.com\/art\/#primaryimage","url":"https:\/\/daphnedejay.com\/art\/wp-content\/uploads\/2022\/07\/daphne.jpg","contentUrl":"https:\/\/daphnedejay.com\/art\/wp-content\/uploads\/2022\/07\/daphne.jpg","width":657,"height":564},{"@type":"BreadcrumbList","@id":"https:\/\/daphnedejay.com\/art\/#breadcrumb","itemListElement":[{"@type":"ListItem","position":1,"name":"Accueil","item":"https:\/\/daphnedejay.com\/art\/"},{"@type":"ListItem","position":2,"name":"Accueil"}]},{"@type":"WebSite","@id":"https:\/\/daphnedejay.com\/art\/#website","url":"https:\/\/daphnedejay.com\/art\/","name":"Daphn\u00e9 Dejay","description":"-","potentialAction":[{"@type":"SearchAction","target":{"@type":"EntryPoint","urlTemplate":"https:\/\/daphnedejay.com\/art\/?s={search_term_string}"},"query-input":"required name=search_term_string"}],"inLanguage":"fr-FR"}]}},"_links":{"self":[{"href":"https:\/\/daphnedejay.com\/art\/wp-json\/wp\/v2\/pages\/12","targetHints":{"allow":["GET"]}}],"collection":[{"href":"https:\/\/daphnedejay.com\/art\/wp-json\/wp\/v2\/pages"}],"about":[{"href":"https:\/\/daphnedejay.com\/art\/wp-json\/wp\/v2\/types\/page"}],"author":[{"embeddable":true,"href":"https:\/\/daphnedejay.com\/art\/wp-json\/wp\/v2\/users\/2"}],"replies":[{"embeddable":true,"href":"https:\/\/daphnedejay.com\/art\/wp-json\/wp\/v2\/comments?post=12"}],"version-history":[{"count":54,"href":"https:\/\/daphnedejay.com\/art\/wp-json\/wp\/v2\/pages\/12\/revisions"}],"predecessor-version":[{"id":4906,"href":"https:\/\/daphnedejay.com\/art\/wp-json\/wp\/v2\/pages\/12\/revisions\/4906"}],"wp:attachment":[{"href":"https:\/\/daphnedejay.com\/art\/wp-json\/wp\/v2\/media?parent=12"}],"curies":[{"name":"wp","href":"https:\/\/api.w.org\/{rel}","templated":true}]}}