{"id":3177,"date":"2022-12-28T16:17:27","date_gmt":"2022-12-28T15:17:27","guid":{"rendered":"https:\/\/daphnedejay.com\/art\/?post_type=product&#038;p=3177"},"modified":"2022-12-28T16:18:05","modified_gmt":"2022-12-28T15:18:05","slug":"on-a-vole-mes-tetes","status":"publish","type":"product","link":"https:\/\/daphnedejay.com\/art\/produit\/on-a-vole-mes-tetes\/","title":{"rendered":"On a vol\u00e9 mes t\u00e9t\u00e9s"},"content":{"rendered":"<p>Album jeunesse<br \/>\nUn petit album sur le sevrage de l&rsquo;allaitement tout en couleurs et en douceur.<\/p>\n<p>Pour sa deuxi\u00e8me \u00e9dition, Claude Suzanne Didierjean-Jouveau a pr\u00e9fac\u00e9 ce nouvel album toujours aussi tendre et color\u00e9 pour les plus petits mais aussi pour les mamans.<\/p>\n<p>Il aborde avec tendresse et humour le th\u00e8me du sevrage de l&rsquo;allaitement maternel.<br \/>\nIl aide l&rsquo;enfant tout autant que sa maman \u00e0 vivre ce moment d\u00e9licat. On passe de la nostalgie des t\u00e9t\u00e9s si doux et s\u00e9curisants \u00e0 la joie de grandir et de s&rsquo;ouvrir au monde.<br \/>\n24 pages illustr\u00e9es &#8211; Couverture mousse<\/p>\n","protected":false},"excerpt":{"rendered":"<p>Album jeunesse Un petit album sur le sevrage de l&rsquo;allaitement tout en couleurs et en douceur. Pour sa deuxi\u00e8me \u00e9dition, Claude Suzanne Didierjean-Jouveau a pr\u00e9fac\u00e9 ce nouvel album toujours aussi tendre et color\u00e9 pour les plus petits mais aussi pour les mamans. Il aborde avec tendresse et humour le th\u00e8me du sevrage de l&rsquo;allaitement maternel. [&hellip;]<\/p>\n","protected":false},"featured_media":3178,"comment_status":"open","ping_status":"closed","template":"","meta":{"om_disable_all_campaigns":false,"_monsterinsights_skip_tracking":false,"_monsterinsights_sitenote_active":false,"_monsterinsights_sitenote_note":"","_monsterinsights_sitenote_category":0},"product_brand":[],"product_cat":[135],"product_tag":[],"class_list":{"0":"post-3177","1":"product","2":"type-product","3":"status-publish","4":"has-post-thumbnail","6":"product_cat-livres","7":"product_shipping_class-colissimo-a","9":"first","10":"instock","11":"featured","12":"shipping-taxable","13":"purchasable","14":"product-type-simple"},"yoast_head":"<!-- This site is optimized with the Yoast SEO plugin v22.9 - https:\/\/yoast.com\/wordpress\/plugins\/seo\/ -->\n<title>On a vol\u00e9 mes t\u00e9t\u00e9s - Daphn\u00e9 Dejay<\/title>\n<meta name=\"robots\" content=\"index, follow, max-snippet:-1, max-image-preview:large, max-video-preview:-1\" \/>\n<link rel=\"canonical\" href=\"https:\/\/daphnedejay.com\/art\/produit\/on-a-vole-mes-tetes\/\" \/>\n<meta property=\"og:locale\" content=\"fr_FR\" \/>\n<meta property=\"og:type\" content=\"article\" \/>\n<meta property=\"og:title\" content=\"On a vol\u00e9 mes t\u00e9t\u00e9s - Daphn\u00e9 Dejay\" \/>\n<meta property=\"og:description\" content=\"Album jeunesse Un petit album sur le sevrage de l&rsquo;allaitement tout en couleurs et en douceur. Pour sa deuxi\u00e8me \u00e9dition, Claude Suzanne Didierjean-Jouveau a pr\u00e9fac\u00e9 ce nouvel album toujours aussi tendre et color\u00e9 pour les plus petits mais aussi pour les mamans. Il aborde avec tendresse et humour le th\u00e8me du sevrage de l&rsquo;allaitement maternel. [&hellip;]\" \/>\n<meta property=\"og:url\" content=\"https:\/\/daphnedejay.com\/art\/produit\/on-a-vole-mes-tetes\/\" \/>\n<meta property=\"og:site_name\" content=\"Daphn\u00e9 Dejay\" \/>\n<meta property=\"article:modified_time\" content=\"2022-12-28T15:18:05+00:00\" \/>\n<meta property=\"og:image\" content=\"https:\/\/daphnedejay.com\/art\/wp-content\/uploads\/2022\/12\/009-livre-tetes-15x15-1.jpg\" \/>\n\t<meta property=\"og:image:width\" content=\"1200\" \/>\n\t<meta property=\"og:image:height\" content=\"1200\" \/>\n\t<meta property=\"og:image:type\" content=\"image\/jpeg\" \/>\n<meta name=\"twitter:card\" content=\"summary_large_image\" \/>\n<meta name=\"twitter:label1\" content=\"Dur\u00e9e de lecture estim\u00e9e\" \/>\n\t<meta name=\"twitter:data1\" content=\"1 minute\" \/>\n<script type=\"application\/ld+json\" class=\"yoast-schema-graph\">{\"@context\":\"https:\/\/schema.org\",\"@graph\":[{\"@type\":\"WebPage\",\"@id\":\"https:\/\/daphnedejay.com\/art\/produit\/on-a-vole-mes-tetes\/\",\"url\":\"https:\/\/daphnedejay.com\/art\/produit\/on-a-vole-mes-tetes\/\",\"name\":\"On a vol\u00e9 mes t\u00e9t\u00e9s - Daphn\u00e9 Dejay\",\"isPartOf\":{\"@id\":\"https:\/\/daphnedejay.com\/art\/#website\"},\"primaryImageOfPage\":{\"@id\":\"https:\/\/daphnedejay.com\/art\/produit\/on-a-vole-mes-tetes\/#primaryimage\"},\"image\":{\"@id\":\"https:\/\/daphnedejay.com\/art\/produit\/on-a-vole-mes-tetes\/#primaryimage\"},\"thumbnailUrl\":\"https:\/\/daphnedejay.com\/art\/wp-content\/uploads\/2022\/12\/009-livre-tetes-15x15-1.jpg\",\"datePublished\":\"2022-12-28T15:17:27+00:00\",\"dateModified\":\"2022-12-28T15:18:05+00:00\",\"breadcrumb\":{\"@id\":\"https:\/\/daphnedejay.com\/art\/produit\/on-a-vole-mes-tetes\/#breadcrumb\"},\"inLanguage\":\"fr-FR\",\"potentialAction\":[{\"@type\":\"ReadAction\",\"target\":[\"https:\/\/daphnedejay.com\/art\/produit\/on-a-vole-mes-tetes\/\"]}]},{\"@type\":\"ImageObject\",\"inLanguage\":\"fr-FR\",\"@id\":\"https:\/\/daphnedejay.com\/art\/produit\/on-a-vole-mes-tetes\/#primaryimage\",\"url\":\"https:\/\/daphnedejay.com\/art\/wp-content\/uploads\/2022\/12\/009-livre-tetes-15x15-1.jpg\",\"contentUrl\":\"https:\/\/daphnedejay.com\/art\/wp-content\/uploads\/2022\/12\/009-livre-tetes-15x15-1.jpg\",\"width\":1200,\"height\":1200,\"caption\":\"Album jeunesse Un petit album sur le sevrage de l'allaitement\"},{\"@type\":\"BreadcrumbList\",\"@id\":\"https:\/\/daphnedejay.com\/art\/produit\/on-a-vole-mes-tetes\/#breadcrumb\",\"itemListElement\":[{\"@type\":\"ListItem\",\"position\":1,\"name\":\"Accueil\",\"item\":\"https:\/\/daphnedejay.com\/art\/\"},{\"@type\":\"ListItem\",\"position\":2,\"name\":\"Boutique\",\"item\":\"https:\/\/daphnedejay.com\/art\/boutique\/\"},{\"@type\":\"ListItem\",\"position\":3,\"name\":\"On a vol\u00e9 mes t\u00e9t\u00e9s\"}]},{\"@type\":\"WebSite\",\"@id\":\"https:\/\/daphnedejay.com\/art\/#website\",\"url\":\"https:\/\/daphnedejay.com\/art\/\",\"name\":\"Daphn\u00e9 Dejay\",\"description\":\"-\",\"potentialAction\":[{\"@type\":\"SearchAction\",\"target\":{\"@type\":\"EntryPoint\",\"urlTemplate\":\"https:\/\/daphnedejay.com\/art\/?s={search_term_string}\"},\"query-input\":\"required name=search_term_string\"}],\"inLanguage\":\"fr-FR\"}]}<\/script>\n<!-- \/ Yoast SEO plugin. -->","yoast_head_json":{"title":"On a vol\u00e9 mes t\u00e9t\u00e9s - Daphn\u00e9 Dejay","robots":{"index":"index","follow":"follow","max-snippet":"max-snippet:-1","max-image-preview":"max-image-preview:large","max-video-preview":"max-video-preview:-1"},"canonical":"https:\/\/daphnedejay.com\/art\/produit\/on-a-vole-mes-tetes\/","og_locale":"fr_FR","og_type":"article","og_title":"On a vol\u00e9 mes t\u00e9t\u00e9s - Daphn\u00e9 Dejay","og_description":"Album jeunesse Un petit album sur le sevrage de l&rsquo;allaitement tout en couleurs et en douceur. Pour sa deuxi\u00e8me \u00e9dition, Claude Suzanne Didierjean-Jouveau a pr\u00e9fac\u00e9 ce nouvel album toujours aussi tendre et color\u00e9 pour les plus petits mais aussi pour les mamans. Il aborde avec tendresse et humour le th\u00e8me du sevrage de l&rsquo;allaitement maternel. [&hellip;]","og_url":"https:\/\/daphnedejay.com\/art\/produit\/on-a-vole-mes-tetes\/","og_site_name":"Daphn\u00e9 Dejay","article_modified_time":"2022-12-28T15:18:05+00:00","og_image":[{"width":1200,"height":1200,"url":"https:\/\/daphnedejay.com\/art\/wp-content\/uploads\/2022\/12\/009-livre-tetes-15x15-1.jpg","type":"image\/jpeg"}],"twitter_card":"summary_large_image","twitter_misc":{"Dur\u00e9e de lecture estim\u00e9e":"1 minute"},"schema":{"@context":"https:\/\/schema.org","@graph":[{"@type":"WebPage","@id":"https:\/\/daphnedejay.com\/art\/produit\/on-a-vole-mes-tetes\/","url":"https:\/\/daphnedejay.com\/art\/produit\/on-a-vole-mes-tetes\/","name":"On a vol\u00e9 mes t\u00e9t\u00e9s - Daphn\u00e9 Dejay","isPartOf":{"@id":"https:\/\/daphnedejay.com\/art\/#website"},"primaryImageOfPage":{"@id":"https:\/\/daphnedejay.com\/art\/produit\/on-a-vole-mes-tetes\/#primaryimage"},"image":{"@id":"https:\/\/daphnedejay.com\/art\/produit\/on-a-vole-mes-tetes\/#primaryimage"},"thumbnailUrl":"https:\/\/daphnedejay.com\/art\/wp-content\/uploads\/2022\/12\/009-livre-tetes-15x15-1.jpg","datePublished":"2022-12-28T15:17:27+00:00","dateModified":"2022-12-28T15:18:05+00:00","breadcrumb":{"@id":"https:\/\/daphnedejay.com\/art\/produit\/on-a-vole-mes-tetes\/#breadcrumb"},"inLanguage":"fr-FR","potentialAction":[{"@type":"ReadAction","target":["https:\/\/daphnedejay.com\/art\/produit\/on-a-vole-mes-tetes\/"]}]},{"@type":"ImageObject","inLanguage":"fr-FR","@id":"https:\/\/daphnedejay.com\/art\/produit\/on-a-vole-mes-tetes\/#primaryimage","url":"https:\/\/daphnedejay.com\/art\/wp-content\/uploads\/2022\/12\/009-livre-tetes-15x15-1.jpg","contentUrl":"https:\/\/daphnedejay.com\/art\/wp-content\/uploads\/2022\/12\/009-livre-tetes-15x15-1.jpg","width":1200,"height":1200,"caption":"Album jeunesse Un petit album sur le sevrage de l'allaitement"},{"@type":"BreadcrumbList","@id":"https:\/\/daphnedejay.com\/art\/produit\/on-a-vole-mes-tetes\/#breadcrumb","itemListElement":[{"@type":"ListItem","position":1,"name":"Accueil","item":"https:\/\/daphnedejay.com\/art\/"},{"@type":"ListItem","position":2,"name":"Boutique","item":"https:\/\/daphnedejay.com\/art\/boutique\/"},{"@type":"ListItem","position":3,"name":"On a vol\u00e9 mes t\u00e9t\u00e9s"}]},{"@type":"WebSite","@id":"https:\/\/daphnedejay.com\/art\/#website","url":"https:\/\/daphnedejay.com\/art\/","name":"Daphn\u00e9 Dejay","description":"-","potentialAction":[{"@type":"SearchAction","target":{"@type":"EntryPoint","urlTemplate":"https:\/\/daphnedejay.com\/art\/?s={search_term_string}"},"query-input":"required name=search_term_string"}],"inLanguage":"fr-FR"}]}},"_links":{"self":[{"href":"https:\/\/daphnedejay.com\/art\/wp-json\/wp\/v2\/product\/3177","targetHints":{"allow":["GET"]}}],"collection":[{"href":"https:\/\/daphnedejay.com\/art\/wp-json\/wp\/v2\/product"}],"about":[{"href":"https:\/\/daphnedejay.com\/art\/wp-json\/wp\/v2\/types\/product"}],"replies":[{"embeddable":true,"href":"https:\/\/daphnedejay.com\/art\/wp-json\/wp\/v2\/comments?post=3177"}],"wp:featuredmedia":[{"embeddable":true,"href":"https:\/\/daphnedejay.com\/art\/wp-json\/wp\/v2\/media\/3178"}],"wp:attachment":[{"href":"https:\/\/daphnedejay.com\/art\/wp-json\/wp\/v2\/media?parent=3177"}],"wp:term":[{"taxonomy":"product_brand","embeddable":true,"href":"https:\/\/daphnedejay.com\/art\/wp-json\/wp\/v2\/product_brand?post=3177"},{"taxonomy":"product_cat","embeddable":true,"href":"https:\/\/daphnedejay.com\/art\/wp-json\/wp\/v2\/product_cat?post=3177"},{"taxonomy":"product_tag","embeddable":true,"href":"https:\/\/daphnedejay.com\/art\/wp-json\/wp\/v2\/product_tag?post=3177"}],"curies":[{"name":"wp","href":"https:\/\/api.w.org\/{rel}","templated":true}]}}

On a volé mes tétés

<p>Album jeunesse<br />
Un petit album sur le sevrage de l&rsquo;allaitement tout en couleurs et en douceur.</p>
<p>Pour sa deuxième édition, Claude Suzanne Didierjean-Jouveau a préfacé ce nouvel album toujours aussi tendre et coloré pour les plus petits mais aussi pour les mamans.</p>
<p>Il aborde avec tendresse et humour le thème du sevrage de l&rsquo;allaitement maternel.<br />
Il aide l&rsquo;enfant tout autant que sa maman à vivre ce moment délicat. On passe de la nostalgie des tétés si doux et sécurisants à la joie de grandir et de s&rsquo;ouvrir au monde.<br />
24 pages illustrées &#8211; Couverture mousse</p>

<p>Album jeunesse Un petit album sur le sevrage de l&rsquo;allaitement tout en couleurs et en douceur. Pour sa deuxième édition, Claude Suzanne Didierjean-Jouveau a préfacé ce nouvel album toujours aussi tendre et coloré pour les plus petits mais aussi pour les mamans. Il aborde avec tendresse et humour le thème du sevrage de l&rsquo;allaitement maternel. [&hellip;]</p>

<!-- This site is optimized with the Yoast SEO plugin v22.9 - https://yoast.com/wordpress/plugins/seo/ -->
<title>On a volé mes tétés - Daphné Dejay</title>
<meta name="robots" content="index, follow, max-snippet:-1, max-image-preview:large, max-video-preview:-1" />
<link rel="canonical" href="https://daphnedejay.com/art/produit/on-a-vole-mes-tetes/" />
<meta property="og:locale" content="fr_FR" />
<meta property="og:type" content="article" />
<meta property="og:title" content="On a volé mes tétés - Daphné Dejay" />
<meta property="og:description" content="Album jeunesse Un petit album sur le sevrage de l&rsquo;allaitement tout en couleurs et en douceur. Pour sa deuxième édition, Claude Suzanne Didierjean-Jouveau a préfacé ce nouvel album toujours aussi tendre et coloré pour les plus petits mais aussi pour les mamans. Il aborde avec tendresse et humour le thème du sevrage de l&rsquo;allaitement maternel. [&hellip;]" />
<meta property="og:url" content="https://daphnedejay.com/art/produit/on-a-vole-mes-tetes/" />
<meta property="og:site_name" content="Daphné Dejay" />
<meta property="article:modified_time" content="2022-12-28T15:18:05+00:00" />
<meta property="og:image" content="https://daphnedejay.com/art/wp-content/uploads/2022/12/009-livre-tetes-15x15-1.jpg" />
	<meta property="og:image:width" content="1200" />
	<meta property="og:image:height" content="1200" />
	<meta property="og:image:type" content="image/jpeg" />
<meta name="twitter:card" content="summary_large_image" />
<meta name="twitter:label1" content="Durée de lecture estimée" />
	<meta name="twitter:data1" content="1 minute" />
<script type="application/ld+json" class="yoast-schema-graph">{"@context":"https://schema.org","@graph":[{"@type":"WebPage","@id":"https://daphnedejay.com/art/produit/on-a-vole-mes-tetes/","url":"https://daphnedejay.com/art/produit/on-a-vole-mes-tetes/","name":"On a volé mes tétés - Daphné Dejay","isPartOf":{"@id":"https://daphnedejay.com/art/#website"},"primaryImageOfPage":{"@id":"https://daphnedejay.com/art/produit/on-a-vole-mes-tetes/#primaryimage"},"image":{"@id":"https://daphnedejay.com/art/produit/on-a-vole-mes-tetes/#primaryimage"},"thumbnailUrl":"https://daphnedejay.com/art/wp-content/uploads/2022/12/009-livre-tetes-15x15-1.jpg","datePublished":"2022-12-28T15:17:27+00:00","dateModified":"2022-12-28T15:18:05+00:00","breadcrumb":{"@id":"https://daphnedejay.com/art/produit/on-a-vole-mes-tetes/#breadcrumb"},"inLanguage":"fr-FR","potentialAction":[{"@type":"ReadAction","target":["https://daphnedejay.com/art/produit/on-a-vole-mes-tetes/"]}]},{"@type":"ImageObject","inLanguage":"fr-FR","@id":"https://daphnedejay.com/art/produit/on-a-vole-mes-tetes/#primaryimage","url":"https://daphnedejay.com/art/wp-content/uploads/2022/12/009-livre-tetes-15x15-1.jpg","contentUrl":"https://daphnedejay.com/art/wp-content/uploads/2022/12/009-livre-tetes-15x15-1.jpg","width":1200,"height":1200,"caption":"Album jeunesse Un petit album sur le sevrage de l'allaitement"},{"@type":"BreadcrumbList","@id":"https://daphnedejay.com/art/produit/on-a-vole-mes-tetes/#breadcrumb","itemListElement":[{"@type":"ListItem","position":1,"name":"Accueil","item":"https://daphnedejay.com/art/"},{"@type":"ListItem","position":2,"name":"Boutique","item":"https://daphnedejay.com/art/boutique/"},{"@type":"ListItem","position":3,"name":"On a volé mes tétés"}]},{"@type":"WebSite","@id":"https://daphnedejay.com/art/#website","url":"https://daphnedejay.com/art/","name":"Daphné Dejay","description":"-","potentialAction":[{"@type":"SearchAction","target":{"@type":"EntryPoint","urlTemplate":"https://daphnedejay.com/art/?s={search_term_string}"},"query-input":"required name=search_term_string"}],"inLanguage":"fr-FR"}]}</script>
<!-- / Yoast SEO plugin. -->

On a volé mes tétés - Daphné Dejay

Album jeunesse Un petit album sur le sevrage de l&rsquo;allaitement tout en couleurs et en douceur. Pour sa deuxième édition, Claude Suzanne Didierjean-Jouveau a préfacé ce nouvel album toujours aussi tendre et coloré pour les plus petits mais aussi pour les mamans. Il aborde avec tendresse et humour le thème du sevrage de l&rsquo;allaitement maternel. [&hellip;]

Daphné Dejay
